{"id":3143,"date":"2018-09-24T15:48:08","date_gmt":"2018-09-24T13:48:08","guid":{"rendered":"https:\/\/www.sages.ch\/martin-hafen\/"},"modified":"2024-01-19T19:06:27","modified_gmt":"2024-01-19T18:06:27","slug":"martin-hafen","status":"publish","type":"page","link":"https:\/\/www.sages.ch\/fr\/martin-hafen\/","title":{"rendered":"Martin Hafen"},"content":{"rendered":"<div class=\"fusion-fullwidth fullwidth-box fusion-builder-row-1 nonhundred-percent-fullwidth non-hundred-percent-height-scrolling\" style=\"--awb-border-radius-top-left:0px;--awb-border-radius-top-right:0px;--awb-border-radius-bottom-right:0px;--awb-border-radius-bottom-left:0px;--awb-padding-top:0px;--awb-padding-bottom:20px;--awb-flex-wrap:wrap;\" ><div class=\"fusion-builder-row fusion-row\"><div class=\"fusion-layout-column fusion_builder_column fusion-builder-column-0 fusion_builder_column_1_1 1_1 fusion-one-full fusion-column-first fusion-column-last\" style=\"--awb-padding-bottom:20px;--awb-bg-size:cover;\"><div class=\"fusion-column-wrapper fusion-flex-column-wrapper-legacy\"><div class=\"fusion-sep-clear\"><\/div><div class=\"fusion-separator fusion-full-width-sep\" style=\"margin-left: auto;margin-right: auto;margin-bottom:30px;width:100%;\"><div class=\"fusion-separator-border sep-single sep-solid\" style=\"--awb-height:20px;--awb-amount:20px;--awb-sep-color:#efefef;border-color:#efefef;border-top-width:10px;\"><\/div><\/div><div class=\"fusion-sep-clear\"><\/div><div class=\"fusion-text fusion-text-1\"><h2>Martin Hafen<\/h2>\n<\/div><div class=\"fusion-text fusion-text-2\"><p>Actuellement seulement en allemand<\/p>\n<\/div><div class=\"fusion-clearfix\"><\/div><\/div><\/div><div class=\"fusion-layout-column fusion_builder_column fusion-builder-column-1 fusion_builder_column_2_3 2_3 fusion-two-third fusion-column-first\" style=\"--awb-bg-size:cover;width:66.666666666667%;width:calc(66.666666666667% - ( ( 4% ) * 0.66666666666667 ) );margin-right: 4%;\"><div class=\"fusion-column-wrapper fusion-flex-column-wrapper-legacy\"><div class=\"fusion-text fusion-text-3\"><p>Geboren\u00a01958, wohnhaft in Basel<\/p>\n<p><strong>Ausbildungen<\/strong><\/p>\n<ul>\n<li>2004: Promotion in Soziologie zum Thema Pr\u00e4ventionstheorie<\/li>\n<li>1986-2001: Lic. phil 1 in Soziologie und Medienwissenschaften<\/li>\n<li>1988-1991: Sozialarbeiter HFS<\/li>\n<\/ul>\n<p><strong>Beruflicher Werdegang und T\u00e4tigkeiten<\/strong><\/p>\n<ul>\n<li>2023: Im Ruhestand<\/li>\n<li>2001-2023: Dozent und Projektleiter an der Hochschule Luzern \u2013 Soziale Arbeit, Institut f\u00fcr Sozialmanagement, Sozialpolitik und Pr\u00e4vention<\/li>\n<li>1991-2001: Gesch\u00e4ftsleitender Redaktor des SuchtMagazins (vormals DrogenMagazin *die kette*)<\/li>\n<\/ul>\n<p><strong>Aktuelle Arbeitsfelder<\/strong><\/p>\n<ul>\n<li>Soziologische Systemtheorie<\/li>\n<li>Theorie von Pr\u00e4vention und Gesundheitsf\u00f6rderung<\/li>\n<li>Soziale Arbeit in der Schule<\/li>\n<li>Fr\u00fche F\u00f6rderung<\/li>\n<li>Soziale Arbeit im Gesundheitswesen<\/li>\n<li>Theorie\/Praxis-Transfer<\/li>\n<\/ul>\n<p><strong>\u00dcber die Soziale Arbeit im Gesundheitswesen<\/strong><\/p>\n<p>\u00abDie Soziale Arbeit ist einerseits im Gesundheitswesen t\u00e4tig und unterst\u00fctzt kranke Menschen bei ihrer (Re-)Inklusion. Andererseits arbeitet sie in unterschiedlichen Handlungsfeldern f\u00fcr das Gesundheitswesen, indem sie Risikofaktoren f\u00fcr Krankheiten bek\u00e4mpft und Schutzfaktoren st\u00e4rkt.\u00bb<\/p>\n<h4><\/h4>\n<\/div><div class=\"fusion-clearfix\"><\/div><\/div><\/div><div class=\"fusion-layout-column fusion_builder_column fusion-builder-column-2 fusion_builder_column_1_3 1_3 fusion-one-third fusion-column-last\" style=\"--awb-bg-size:cover;width:33.333333333333%;width:calc(33.333333333333% - ( ( 4% ) * 0.33333333333333 ) );\"><div class=\"fusion-column-wrapper fusion-flex-column-wrapper-legacy\"><div class=\"fusion-clearfix\"><\/div><\/div><\/div><\/div><\/div>\n","protected":false},"excerpt":{"rendered":"","protected":false},"author":1,"featured_media":0,"parent":0,"menu_order":31,"comment_status":"closed","ping_status":"closed","template":"","meta":{"footnotes":""},"class_list":["post-3143","page","type-page","status-publish","hentry"],"_links":{"self":[{"href":"https:\/\/www.sages.ch\/fr\/wp-json\/wp\/v2\/pages\/3143","targetHints":{"allow":["GET"]}}],"collection":[{"href":"https:\/\/www.sages.ch\/fr\/wp-json\/wp\/v2\/pages"}],"about":[{"href":"https:\/\/www.sages.ch\/fr\/wp-json\/wp\/v2\/types\/page"}],"author":[{"embeddable":true,"href":"https:\/\/www.sages.ch\/fr\/wp-json\/wp\/v2\/users\/1"}],"replies":[{"embeddable":true,"href":"https:\/\/www.sages.ch\/fr\/wp-json\/wp\/v2\/comments?post=3143"}],"version-history":[{"count":6,"href":"https:\/\/www.sages.ch\/fr\/wp-json\/wp\/v2\/pages\/3143\/revisions"}],"predecessor-version":[{"id":8496,"href":"https:\/\/www.sages.ch\/fr\/wp-json\/wp\/v2\/pages\/3143\/revisions\/8496"}],"wp:attachment":[{"href":"https:\/\/www.sages.ch\/fr\/wp-json\/wp\/v2\/media?parent=3143"}],"curies":[{"name":"wp","href":"https:\/\/api.w.org\/{rel}","templated":true}]}}

<div class="fusion-fullwidth fullwidth-box fusion-builder-row-1 nonhundred-percent-fullwidth non-hundred-percent-height-scrolling" style="--awb-border-radius-top-left:0px;--awb-border-radius-top-right:0px;--awb-border-radius-bottom-right:0px;--awb-border-radius-bottom-left:0px;--awb-padding-top:0px;--awb-padding-bottom:20px;--awb-flex-wrap:wrap;" ><div class="fusion-builder-row fusion-row"><div class="fusion-layout-column fusion_builder_column fusion-builder-column-0 fusion_builder_column_1_1 1_1 fusion-one-full fusion-column-first fusion-column-last" style="--awb-padding-bottom:20px;--awb-bg-size:cover;"><div class="fusion-column-wrapper fusion-flex-column-wrapper-legacy"><div class="fusion-sep-clear"></div><div class="fusion-separator fusion-full-width-sep" style="margin-left: auto;margin-right: auto;margin-bottom:30px;width:100%;"><div class="fusion-separator-border sep-single sep-solid" style="--awb-height:20px;--awb-amount:20px;--awb-sep-color:#efefef;border-color:#efefef;border-top-width:10px;"></div></div><div class="fusion-sep-clear"></div><div class="fusion-text fusion-text-1"><h2>Martin Hafen</h2>
</div><div class="fusion-text fusion-text-2"><p>Actuellement seulement en allemand</p>
</div><div class="fusion-clearfix"></div></div></div><div class="fusion-layout-column fusion_builder_column fusion-builder-column-1 fusion_builder_column_2_3 2_3 fusion-two-third fusion-column-first" style="--awb-bg-size:cover;width:66.666666666667%;width:calc(66.666666666667% - ( ( 4% ) * 0.66666666666667 ) );margin-right: 4%;"><div class="fusion-column-wrapper fusion-flex-column-wrapper-legacy"><div class="fusion-text fusion-text-3"><p>Geboren 1958, wohnhaft in Basel</p>
<p><strong>Ausbildungen</strong></p>
<ul>
<li>2004: Promotion in Soziologie zum Thema Präventionstheorie</li>
<li>1986-2001: Lic. phil 1 in Soziologie und Medienwissenschaften</li>
<li>1988-1991: Sozialarbeiter HFS</li>
</ul>
<p><strong>Beruflicher Werdegang und Tätigkeiten</strong></p>
<ul>
<li>2023: Im Ruhestand</li>
<li>2001-2023: Dozent und Projektleiter an der Hochschule Luzern – Soziale Arbeit, Institut für Sozialmanagement, Sozialpolitik und Prävention</li>
<li>1991-2001: Geschäftsleitender Redaktor des SuchtMagazins (vormals DrogenMagazin *die kette*)</li>
</ul>
<p><strong>Aktuelle Arbeitsfelder</strong></p>
<ul>
<li>Soziologische Systemtheorie</li>
<li>Theorie von Prävention und Gesundheitsförderung</li>
<li>Soziale Arbeit in der Schule</li>
<li>Frühe Förderung</li>
<li>Soziale Arbeit im Gesundheitswesen</li>
<li>Theorie/Praxis-Transfer</li>
</ul>
<p><strong>Über die Soziale Arbeit im Gesundheitswesen</strong></p>
<p>«Die Soziale Arbeit ist einerseits im Gesundheitswesen tätig und unterstützt kranke Menschen bei ihrer (Re-)Inklusion. Andererseits arbeitet sie in unterschiedlichen Handlungsfeldern für das Gesundheitswesen, indem sie Risikofaktoren für Krankheiten bekämpft und Schutzfaktoren stärkt.»</p>
<h4></h4>
</div><div class="fusion-clearfix"></div></div></div><div class="fusion-layout-column fusion_builder_column fusion-builder-column-2 fusion_builder_column_1_3 1_3 fusion-one-third fusion-column-last" style="--awb-bg-size:cover;width:33.333333333333%;width:calc(33.333333333333% - ( ( 4% ) * 0.33333333333333 ) );"><div class="fusion-column-wrapper fusion-flex-column-wrapper-legacy"><div class="fusion-clearfix"></div></div></div></div></div>
