{"id":6543,"date":"2022-11-04T17:09:59","date_gmt":"2022-11-04T16:09:59","guid":{"rendered":"https:\/\/www.sages.ch\/?page_id=6543"},"modified":"2023-07-21T13:03:04","modified_gmt":"2023-07-21T11:03:04","slug":"suisse-romande","status":"publish","type":"page","link":"https:\/\/www.sages.ch\/fr\/sections\/suisse-romande\/","title":{"rendered":"Suisse romande"},"content":{"rendered":"<div class=\"fusion-fullwidth fullwidth-box fusion-builder-row-1 nonhundred-percent-fullwidth non-hundred-percent-height-scrolling\" style=\"--awb-border-radius-top-left:0px;--awb-border-radius-top-right:0px;--awb-border-radius-bottom-right:0px;--awb-border-radius-bottom-left:0px;--awb-padding-top:0px;--awb-padding-bottom:20px;--awb-flex-wrap:wrap;\" ><div class=\"fusion-builder-row fusion-row\"><div class=\"fusion-layout-column fusion_builder_column fusion-builder-column-0 fusion_builder_column_1_1 1_1 fusion-one-full fusion-column-first fusion-column-last\" style=\"--awb-padding-bottom:20px;--awb-bg-size:cover;\"><div class=\"fusion-column-wrapper fusion-flex-column-wrapper-legacy\"><div class=\"fusion-sep-clear\"><\/div><div class=\"fusion-separator fusion-full-width-sep\" style=\"margin-left: auto;margin-right: auto;margin-bottom:30px;width:100%;\"><div class=\"fusion-separator-border sep-single sep-solid\" style=\"--awb-height:20px;--awb-amount:20px;--awb-sep-color:#efefef;border-color:#efefef;border-top-width:10px;\"><\/div><\/div><div class=\"fusion-sep-clear\"><\/div><div class=\"fusion-text fusion-text-1\" style=\"--awb-text-transform:none;\"><h1>La section Suisse romande<\/h1>\n<\/div><div class=\"fusion-clearfix\"><\/div><\/div><\/div><div class=\"fusion-layout-column fusion_builder_column fusion-builder-column-1 fusion_builder_column_2_3 2_3 fusion-two-third fusion-column-first\" style=\"--awb-bg-size:cover;width:66.666666666667%;width:calc(66.666666666667% - ( ( 4% ) * 0.66666666666667 ) );margin-right: 4%;\"><div class=\"fusion-column-wrapper fusion-flex-column-wrapper-legacy\"><div class=\"fusion-text fusion-text-2\" style=\"--awb-text-transform:none;\"><p>SAGES constate qu\u2019en Suisse romande les professionnel\u00b7le\u00b7s du travail social engag\u00e9\u00b7e\u00b7s dans une domaine en lien avec la sant\u00e9 doivent faire face aux m\u00eames difficult\u00e9s que leurs coll\u00e8gues en Suisse al\u00e9manique. Afin de leur apporter un soutien plus important, et tout en tenant compte des diff\u00e9rences linguistiques, culturelles et r\u00e9gionales, SAGES d\u00e9veloppe actuellement une section Suisse romande. Nos objectifs :<\/p>\n<ul>\n<li>Promotion de l&rsquo;\u00e9change sur des th\u00e8mes actuels en lien avec la sant\u00e9 en Suisse romande<\/li>\n<li>Renforcer la position du travail social en lien avec la sant\u00e9<\/li>\n<li>Mise en r\u00e9seau des professionnel\u00b7le\u00b7s du travail social en lien avec la sant\u00e9 en Suisse romande<\/li>\n<\/ul>\n<p>Avec les membres, nous souhaitons\u00a0 cr\u00e9er des domaines sp\u00e9cifiques afin de trouver, ensemble, des solutions sur des probl\u00e9matiques cibl\u00e9es. Nos r\u00e9unions se d\u00e9roulent en ligne, ce qui nous permet d&rsquo;\u00eatre flexibles et d&rsquo;investir ces moments pr\u00e9cieux\u00a0 pour changer notre avenir professionnel. Prenez part au changement et devenez membre.<\/p>\n<p>Avez-vous des questions ? Le secr\u00e9tariat se tient \u00e0 votre disposition pour y r\u00e9pondre.<\/p>\n<\/div><div class=\"fusion-clearfix\"><\/div><\/div><\/div><div class=\"fusion-layout-column fusion_builder_column fusion-builder-column-2 fusion_builder_column_1_3 1_3 fusion-one-third fusion-column-last\" style=\"--awb-padding-top:25px;--awb-padding-right:22px;--awb-padding-bottom:22px;--awb-padding-left:20px;--awb-bg-color:#f7f7f7;--awb-bg-color-hover:#f7f7f7;--awb-bg-size:cover;--awb-border-color:#89bb47;--awb-border-top:10px;--awb-border-style:solid;width:33.333333333333%;width:calc(33.333333333333% - ( ( 4% ) * 0.33333333333333 ) );\"><div class=\"fusion-column-wrapper fusion-flex-column-wrapper-legacy\"><div class=\"fusion-text fusion-text-3\"><h2 class=\"fusion-responsive-typography-calculated\" data-fontsize=\"28\" data-lineheight=\"39.2px\">Contact<\/h2>\n<\/div><div class=\"fusion-sep-clear\"><\/div><div class=\"fusion-separator fusion-full-width-sep\" style=\"margin-left: auto;margin-right: auto;margin-top:13px;width:100%;\"><\/div><div class=\"fusion-sep-clear\"><\/div><div class=\"fusion-text fusion-text-4\" style=\"--awb-text-transform:none;\"><div>\n<div>\n<div>Secr\u00e9tariat g\u00e9n\u00e9ral<\/div>\n<div><span class=\"street-address\">3010 Berne<br \/>\n<\/span><\/div>\n<\/div>\n<div>T\u00e9l\u00e9phone 076 721 02 25<\/div>\n<\/div>\n<div><a href=\"mailto:piero.catani@sages.ch\" target=\"_blank\" rel=\"noopener noreferrer\"><strong><span lang=\"DE\">info@sages.ch<\/span><\/strong><\/a><\/div>\n<\/div><div class=\"fusion-sep-clear\"><\/div><div class=\"fusion-separator fusion-full-width-sep\" style=\"margin-left: auto;margin-right: auto;margin-top:20px;margin-bottom:20px;width:100%;\"><div class=\"fusion-separator-border sep-single sep-solid\" style=\"--awb-height:20px;--awb-amount:20px;border-color:#e0dede;border-top-width:1px;\"><\/div><\/div><div class=\"fusion-sep-clear\"><\/div><div class=\"fusion-sep-clear\"><\/div><div class=\"fusion-separator fusion-full-width-sep\" style=\"margin-left: auto;margin-right: auto;margin-top:20px;margin-bottom:20px;width:100%;\"><div class=\"fusion-separator-border sep-single sep-solid\" style=\"--awb-height:20px;--awb-amount:20px;border-color:#e0dede;border-top-width:1px;\"><\/div><\/div><div class=\"fusion-sep-clear\"><\/div><div class=\"fusion-clearfix\"><\/div><\/div><\/div><\/div><\/div>\n","protected":false},"excerpt":{"rendered":"","protected":false},"author":1,"featured_media":0,"parent":4822,"menu_order":85,"comment_status":"closed","ping_status":"closed","template":"","meta":{"footnotes":""},"class_list":["post-6543","page","type-page","status-publish","hentry"],"_links":{"self":[{"href":"https:\/\/www.sages.ch\/fr\/wp-json\/wp\/v2\/pages\/6543","targetHints":{"allow":["GET"]}}],"collection":[{"href":"https:\/\/www.sages.ch\/fr\/wp-json\/wp\/v2\/pages"}],"about":[{"href":"https:\/\/www.sages.ch\/fr\/wp-json\/wp\/v2\/types\/page"}],"author":[{"embeddable":true,"href":"https:\/\/www.sages.ch\/fr\/wp-json\/wp\/v2\/users\/1"}],"replies":[{"embeddable":true,"href":"https:\/\/www.sages.ch\/fr\/wp-json\/wp\/v2\/comments?post=6543"}],"version-history":[{"count":6,"href":"https:\/\/www.sages.ch\/fr\/wp-json\/wp\/v2\/pages\/6543\/revisions"}],"predecessor-version":[{"id":7818,"href":"https:\/\/www.sages.ch\/fr\/wp-json\/wp\/v2\/pages\/6543\/revisions\/7818"}],"up":[{"embeddable":true,"href":"https:\/\/www.sages.ch\/fr\/wp-json\/wp\/v2\/pages\/4822"}],"wp:attachment":[{"href":"https:\/\/www.sages.ch\/fr\/wp-json\/wp\/v2\/media?parent=6543"}],"curies":[{"name":"wp","href":"https:\/\/api.w.org\/{rel}","templated":true}]}}

<div class="fusion-fullwidth fullwidth-box fusion-builder-row-1 nonhundred-percent-fullwidth non-hundred-percent-height-scrolling" style="--awb-border-radius-top-left:0px;--awb-border-radius-top-right:0px;--awb-border-radius-bottom-right:0px;--awb-border-radius-bottom-left:0px;--awb-padding-top:0px;--awb-padding-bottom:20px;--awb-flex-wrap:wrap;" ><div class="fusion-builder-row fusion-row"><div class="fusion-layout-column fusion_builder_column fusion-builder-column-0 fusion_builder_column_1_1 1_1 fusion-one-full fusion-column-first fusion-column-last" style="--awb-padding-bottom:20px;--awb-bg-size:cover;"><div class="fusion-column-wrapper fusion-flex-column-wrapper-legacy"><div class="fusion-sep-clear"></div><div class="fusion-separator fusion-full-width-sep" style="margin-left: auto;margin-right: auto;margin-bottom:30px;width:100%;"><div class="fusion-separator-border sep-single sep-solid" style="--awb-height:20px;--awb-amount:20px;--awb-sep-color:#efefef;border-color:#efefef;border-top-width:10px;"></div></div><div class="fusion-sep-clear"></div><div class="fusion-text fusion-text-1" style="--awb-text-transform:none;"><h1>La section Suisse romande</h1>
</div><div class="fusion-clearfix"></div></div></div><div class="fusion-layout-column fusion_builder_column fusion-builder-column-1 fusion_builder_column_2_3 2_3 fusion-two-third fusion-column-first" style="--awb-bg-size:cover;width:66.666666666667%;width:calc(66.666666666667% - ( ( 4% ) * 0.66666666666667 ) );margin-right: 4%;"><div class="fusion-column-wrapper fusion-flex-column-wrapper-legacy"><div class="fusion-text fusion-text-2" style="--awb-text-transform:none;"><p>SAGES constate qu’en Suisse romande les professionnel·le·s du travail social engagé·e·s dans une domaine en lien avec la santé doivent faire face aux mêmes difficultés que leurs collègues en Suisse alémanique. Afin de leur apporter un soutien plus important, et tout en tenant compte des différences linguistiques, culturelles et régionales, SAGES développe actuellement une section Suisse romande. Nos objectifs :</p>
<ul>
<li>Promotion de l&rsquo;échange sur des thèmes actuels en lien avec la santé en Suisse romande</li>
<li>Renforcer la position du travail social en lien avec la santé</li>
<li>Mise en réseau des professionnel·le·s du travail social en lien avec la santé en Suisse romande</li>
</ul>
<p>Avec les membres, nous souhaitons  créer des domaines spécifiques afin de trouver, ensemble, des solutions sur des problématiques ciblées. Nos réunions se déroulent en ligne, ce qui nous permet d&rsquo;être flexibles et d&rsquo;investir ces moments précieux  pour changer notre avenir professionnel. Prenez part au changement et devenez membre.</p>
<p>Avez-vous des questions ? Le secrétariat se tient à votre disposition pour y répondre.</p>
</div><div class="fusion-clearfix"></div></div></div><div class="fusion-layout-column fusion_builder_column fusion-builder-column-2 fusion_builder_column_1_3 1_3 fusion-one-third fusion-column-last" style="--awb-padding-top:25px;--awb-padding-right:22px;--awb-padding-bottom:22px;--awb-padding-left:20px;--awb-bg-color:#f7f7f7;--awb-bg-color-hover:#f7f7f7;--awb-bg-size:cover;--awb-border-color:#89bb47;--awb-border-top:10px;--awb-border-style:solid;width:33.333333333333%;width:calc(33.333333333333% - ( ( 4% ) * 0.33333333333333 ) );"><div class="fusion-column-wrapper fusion-flex-column-wrapper-legacy"><div class="fusion-text fusion-text-3"><h2 class="fusion-responsive-typography-calculated" data-fontsize="28" data-lineheight="39.2px">Contact</h2>
</div><div class="fusion-sep-clear"></div><div class="fusion-separator fusion-full-width-sep" style="margin-left: auto;margin-right: auto;margin-top:13px;width:100%;"></div><div class="fusion-sep-clear"></div><div class="fusion-text fusion-text-4" style="--awb-text-transform:none;"><div>
<div>
<div>Secrétariat général</div>
<div><span class="street-address">3010 Berne<br />
</span></div>
</div>
<div>Téléphone 076 721 02 25</div>
</div>
<div><a href="mailto:piero.catani@sages.ch" target="_blank" rel="noopener noreferrer"><strong><span lang="DE">info@sages.ch</span></strong></a></div>
</div><div class="fusion-sep-clear"></div><div class="fusion-separator fusion-full-width-sep" style="margin-left: auto;margin-right: auto;margin-top:20px;margin-bottom:20px;width:100%;"><div class="fusion-separator-border sep-single sep-solid" style="--awb-height:20px;--awb-amount:20px;border-color:#e0dede;border-top-width:1px;"></div></div><div class="fusion-sep-clear"></div><div class="fusion-sep-clear"></div><div class="fusion-separator fusion-full-width-sep" style="margin-left: auto;margin-right: auto;margin-top:20px;margin-bottom:20px;width:100%;"><div class="fusion-separator-border sep-single sep-solid" style="--awb-height:20px;--awb-amount:20px;border-color:#e0dede;border-top-width:1px;"></div></div><div class="fusion-sep-clear"></div><div class="fusion-clearfix"></div></div></div></div></div>
