{"id":10005,"date":"2025-02-21T08:24:25","date_gmt":"2025-02-21T07:24:25","guid":{"rendered":"https:\/\/www.sages.ch\/?post_type=tribe_events&#038;p=10005"},"modified":"2025-02-21T08:24:37","modified_gmt":"2025-02-21T07:24:37","slug":"lequilibre-occupationnel-des-personnes-en-fin-de-vie","status":"publish","type":"tribe_events","link":"https:\/\/www.sages.ch\/fr\/agenda\/lequilibre-occupationnel-des-personnes-en-fin-de-vie\/","title":{"rendered":"L\u2019\u00e9quilibre occupationnel des personnes en fin de vie"},"content":{"rendered":"<p>Les occupations et le quotidien des personnes atteintes d\u2019une maladie potentiellement mortelle sont souvent perturb\u00e9s par les effets physiques de la maladie et par les soins. Toutes ces perturbations modifient profond\u00e9ment l\u2019\u00e9quilibre occupationnel de ces personnes. En r\u00e9ponse, elles adaptent leur quotidien pour retrouver un certain \u00e9quilibre occupationnel, par exemple en magnifiant le quotidien, en contr\u00f4lant leur vie par la routine ou encore en g\u00e9rant l\u2019\u00e9nergie au quotidien.<\/p>\n<p>En premi\u00e8re partie, une conf\u00e9rence sera donn\u00e9e sur l\u2019exp\u00e9rience occupationnelle des personnes vivant avec une maladie potentiellement mortelle. Des donn\u00e9es issues d\u2019une recherche syst\u00e9matique qualitative seront pr\u00e9sent\u00e9es et interpr\u00e9t\u00e9es \u00e0 la lumi\u00e8re du concept d\u2019\u00e9quilibre occupationnel. Cette conf\u00e9rence sera l\u2019occasion de mieux comprendre l\u2019exp\u00e9rience des personnes en fin de vie \u00e0 partir d\u2019une perspective occupationnelle qui nous donne \u00e0 voir les liens ins\u00e9cables entre les occupations humaines, le bien-\u00eatre et la sant\u00e9.<\/p>\n<p>La conf\u00e9rence sera suivie d\u2019une intervention de Murielle Pott, infirmi\u00e8re, sociologue et professeure ordinaire \u00e0 HESAV, sp\u00e9cialis\u00e9e dans les parcours de fin de vie. Elle apportera un regard interprofessionnel sur la question de l\u2019\u00e9quilibre occupationnel.<\/p>\n<p><a href=\"https:\/\/www.hetsl.ch\/evenements\/detail\/evenement\/lequilibre-occupationnel-des-personnes-en-fin-de-vie#:~:text=Les%20occupations%20et%20le%20quotidien%20des%20personnes%20atteintes,perturbations%20modifient%20profond%C3%A9ment%20l%E2%80%99%C3%A9quilibre%20occupationnel%20de%20ces%20personnes.\" target=\"_blank\" rel=\"noopener\">\u203a Site web<\/a><\/p>\n","protected":false},"excerpt":{"rendered":"<p>Les occupations et le quotidien des personnes atteintes d\u2019une maladie potentiellement mortelle sont souvent perturb\u00e9s par les effets physiques de la maladie et par les soins. Toutes ces perturbations modifient profond\u00e9ment l\u2019\u00e9quilibre occupationnel de ces personnes. En r\u00e9ponse, elles adaptent  [&#8230;]<\/p>\n","protected":false},"author":1,"featured_media":0,"template":"","meta":{"_tribe_events_status":"","_tribe_events_status_reason":"","footnotes":""},"tags":[],"tribe_events_cat":[64],"class_list":["post-10005","tribe_events","type-tribe_events","status-publish","hentry","tribe_events_cat-francais","cat_francais"],"_links":{"self":[{"href":"https:\/\/www.sages.ch\/fr\/wp-json\/wp\/v2\/tribe_events\/10005","targetHints":{"allow":["GET"]}}],"collection":[{"href":"https:\/\/www.sages.ch\/fr\/wp-json\/wp\/v2\/tribe_events"}],"about":[{"href":"https:\/\/www.sages.ch\/fr\/wp-json\/wp\/v2\/types\/tribe_events"}],"author":[{"embeddable":true,"href":"https:\/\/www.sages.ch\/fr\/wp-json\/wp\/v2\/users\/1"}],"version-history":[{"count":1,"href":"https:\/\/www.sages.ch\/fr\/wp-json\/wp\/v2\/tribe_events\/10005\/revisions"}],"predecessor-version":[{"id":10006,"href":"https:\/\/www.sages.ch\/fr\/wp-json\/wp\/v2\/tribe_events\/10005\/revisions\/10006"}],"wp:attachment":[{"href":"https:\/\/www.sages.ch\/fr\/wp-json\/wp\/v2\/media?parent=10005"}],"wp:term":[{"taxonomy":"post_tag","embeddable":true,"href":"https:\/\/www.sages.ch\/fr\/wp-json\/wp\/v2\/tags?post=10005"},{"taxonomy":"tribe_events_cat","embeddable":true,"href":"https:\/\/www.sages.ch\/fr\/wp-json\/wp\/v2\/tribe_events_cat?post=10005"}],"curies":[{"name":"wp","href":"https:\/\/api.w.org\/{rel}","templated":true}]}}

L’équilibre occupationnel des personnes en fin de vie

<p>Les occupations et le quotidien des personnes atteintes d’une maladie potentiellement mortelle sont souvent perturbés par les effets physiques de la maladie et par les soins. Toutes ces perturbations modifient profondément l’équilibre occupationnel de ces personnes. En réponse, elles adaptent leur quotidien pour retrouver un certain équilibre occupationnel, par exemple en magnifiant le quotidien, en contrôlant leur vie par la routine ou encore en gérant l’énergie au quotidien.</p>
<p>En première partie, une conférence sera donnée sur l’expérience occupationnelle des personnes vivant avec une maladie potentiellement mortelle. Des données issues d’une recherche systématique qualitative seront présentées et interprétées à la lumière du concept d’équilibre occupationnel. Cette conférence sera l’occasion de mieux comprendre l’expérience des personnes en fin de vie à partir d’une perspective occupationnelle qui nous donne à voir les liens insécables entre les occupations humaines, le bien-être et la santé.</p>
<p>La conférence sera suivie d’une intervention de Murielle Pott, infirmière, sociologue et professeure ordinaire à HESAV, spécialisée dans les parcours de fin de vie. Elle apportera un regard interprofessionnel sur la question de l’équilibre occupationnel.</p>
<p><a href="https://www.hetsl.ch/evenements/detail/evenement/lequilibre-occupationnel-des-personnes-en-fin-de-vie#:~:text=Les%20occupations%20et%20le%20quotidien%20des%20personnes%20atteintes,perturbations%20modifient%20profond%C3%A9ment%20l%E2%80%99%C3%A9quilibre%20occupationnel%20de%20ces%20personnes." target="_blank" rel="noopener">› Site web</a></p>

<p>Les occupations et le quotidien des personnes atteintes d’une maladie potentiellement mortelle sont souvent perturbés par les effets physiques de la maladie et par les soins. Toutes ces perturbations modifient profondément l’équilibre occupationnel de ces personnes. En réponse, elles adaptent  [&#8230;]</p>
