{"id":10023,"date":"2025-02-28T15:24:39","date_gmt":"2025-02-28T14:24:39","guid":{"rendered":"https:\/\/www.sages.ch\/agenda\/60-jahrestagung-der-deutschen-gesellschaft-fuer-sozialmedizin-und-praevention-dgsmp-teilhabe-und-ko-kreation\/"},"modified":"2025-02-28T15:25:18","modified_gmt":"2025-02-28T14:25:18","slug":"60-jahrestagung-der-deutschen-gesellschaft-fuer-sozialmedizin-und-praevention-dgsmp-teilhabe-und-ko-kreation","status":"publish","type":"tribe_events","link":"https:\/\/www.sages.ch\/fr\/agenda\/60-jahrestagung-der-deutschen-gesellschaft-fuer-sozialmedizin-und-praevention-dgsmp-teilhabe-und-ko-kreation\/","title":{"rendered":"60. Jahrestagung der Deutschen Gesellschaft f\u00fcr Sozialmedizin und Pr\u00e4vention (DGSMP): \u00abTeilhabe und Ko-Kreation\u00bb"},"content":{"rendered":"<p>Unter dem Tagungsthema\u00a0<strong>Teilhabe und Ko-Kreation<\/strong>\u00a0l\u00e4dt die Deutsche Gesellschaft f\u00fcr Sozialmedizin und Pr\u00e4vention herzlich zur Jahrestagung 2025 ein. In einer Zeit zunehmender sozialer, gesundheitlicher und gesellschaftlicher Herausforderungen gewinnen inklusive und partizipative Ans\u00e4tze immer mehr an Bedeutung, um das Recht auf gesundheitliche Selbstbestimmung insbesondere auch bei belasteten Bev\u00f6lkerungsgruppen zu st\u00e4rken und auch, um der Entwicklung einer auseinanderdriftenden Gesellschaft entgegenzuwirken.<\/p>\n<p>Im Fokus stehen Ans\u00e4tze, die soziale Teilhabe und inklusive Ans\u00e4tze sowie Zug\u00e4nglichkeit im Gesundheitswesen zum Thema haben, innovative Methoden wie digitale Tools oder Design Thinking zur Programmentwicklung nutzen und politische sowie gesellschaftliche Dimensionen von gesundheitlicher Teilhabe beleuchten.<\/p>\n<p><a href=\"https:\/\/www.dgsmp-kongress.de\/\" target=\"_blank\" rel=\"noopener\">\u203a Webseite<\/a><\/p>\n","protected":false},"excerpt":{"rendered":"<p>Unter dem Tagungsthema\u00a0Teilhabe und Ko-Kreation\u00a0l\u00e4dt die Deutsche Gesellschaft f\u00fcr Sozialmedizin und Pr\u00e4vention herzlich zur Jahrestagung 2025 ein. In einer Zeit zunehmender sozialer, gesundheitlicher und gesellschaftlicher Herausforderungen gewinnen inklusive und partizipative Ans\u00e4tze immer mehr an Bedeutung, um das Recht auf gesundheitliche  [&#8230;]<\/p>\n","protected":false},"author":1,"featured_media":0,"template":"","meta":{"_tribe_events_status":"","_tribe_events_status_reason":"","footnotes":""},"tags":[],"tribe_events_cat":[62],"class_list":["post-10023","tribe_events","type-tribe_events","status-publish","hentry","tribe_events_cat-allemand","cat_allemand"],"_links":{"self":[{"href":"https:\/\/www.sages.ch\/fr\/wp-json\/wp\/v2\/tribe_events\/10023","targetHints":{"allow":["GET"]}}],"collection":[{"href":"https:\/\/www.sages.ch\/fr\/wp-json\/wp\/v2\/tribe_events"}],"about":[{"href":"https:\/\/www.sages.ch\/fr\/wp-json\/wp\/v2\/types\/tribe_events"}],"author":[{"embeddable":true,"href":"https:\/\/www.sages.ch\/fr\/wp-json\/wp\/v2\/users\/1"}],"version-history":[{"count":1,"href":"https:\/\/www.sages.ch\/fr\/wp-json\/wp\/v2\/tribe_events\/10023\/revisions"}],"predecessor-version":[{"id":10024,"href":"https:\/\/www.sages.ch\/fr\/wp-json\/wp\/v2\/tribe_events\/10023\/revisions\/10024"}],"wp:attachment":[{"href":"https:\/\/www.sages.ch\/fr\/wp-json\/wp\/v2\/media?parent=10023"}],"wp:term":[{"taxonomy":"post_tag","embeddable":true,"href":"https:\/\/www.sages.ch\/fr\/wp-json\/wp\/v2\/tags?post=10023"},{"taxonomy":"tribe_events_cat","embeddable":true,"href":"https:\/\/www.sages.ch\/fr\/wp-json\/wp\/v2\/tribe_events_cat?post=10023"}],"curies":[{"name":"wp","href":"https:\/\/api.w.org\/{rel}","templated":true}]}}

60. Jahrestagung der Deutschen Gesellschaft für Sozialmedizin und Prävention (DGSMP): «Teilhabe und Ko-Kreation»

<p>Unter dem Tagungsthema <strong>Teilhabe und Ko-Kreation</strong> lädt die Deutsche Gesellschaft für Sozialmedizin und Prävention herzlich zur Jahrestagung 2025 ein. In einer Zeit zunehmender sozialer, gesundheitlicher und gesellschaftlicher Herausforderungen gewinnen inklusive und partizipative Ansätze immer mehr an Bedeutung, um das Recht auf gesundheitliche Selbstbestimmung insbesondere auch bei belasteten Bevölkerungsgruppen zu stärken und auch, um der Entwicklung einer auseinanderdriftenden Gesellschaft entgegenzuwirken.</p>
<p>Im Fokus stehen Ansätze, die soziale Teilhabe und inklusive Ansätze sowie Zugänglichkeit im Gesundheitswesen zum Thema haben, innovative Methoden wie digitale Tools oder Design Thinking zur Programmentwicklung nutzen und politische sowie gesellschaftliche Dimensionen von gesundheitlicher Teilhabe beleuchten.</p>
<p><a href="https://www.dgsmp-kongress.de/" target="_blank" rel="noopener">› Webseite</a></p>

<p>Unter dem Tagungsthema Teilhabe und Ko-Kreation lädt die Deutsche Gesellschaft für Sozialmedizin und Prävention herzlich zur Jahrestagung 2025 ein. In einer Zeit zunehmender sozialer, gesundheitlicher und gesellschaftlicher Herausforderungen gewinnen inklusive und partizipative Ansätze immer mehr an Bedeutung, um das Recht auf gesundheitliche  [&#8230;]</p>
