{"id":10043,"date":"2025-03-21T11:27:37","date_gmt":"2025-03-21T10:27:37","guid":{"rendered":"https:\/\/www.sages.ch\/?post_type=tribe_events&#038;p=10043"},"modified":"2025-03-21T11:39:38","modified_gmt":"2025-03-21T10:39:38","slug":"6e-colloque-national-specialise-gerontologie-ch-realites-de-la-vieillesse-diversite-inegalites-et-similarites","status":"publish","type":"tribe_events","link":"https:\/\/www.sages.ch\/fr\/agenda\/6e-colloque-national-specialise-gerontologie-ch-realites-de-la-vieillesse-diversite-inegalites-et-similarites\/","title":{"rendered":"6e Colloque national sp\u00e9cialis\u00e9 GERONTOLOGIE CH \u00abR\u00e9alit\u00e9s de la vieillesse \u2013 diversit\u00e9, in\u00e9galit\u00e9s et similarit\u00e9s\u00bb"},"content":{"rendered":"<p><span class=\"no-hyphenation\">Que deviennent nos aspirations et nos contextes de vie dans la vieillesse? Une chose est s\u00fbre: la diversit\u00e9 reste pr\u00e9sente avec l\u2019avanc\u00e9e en \u00e2ge. Comment prendre en consid\u00e9ration cette h\u00e9t\u00e9rog\u00e9n\u00e9it\u00e9 dans la pratique professionnelle quotidienne? Comment tenir compte des points communs? Comment lutter contre les in\u00e9galit\u00e9s?\u00a0<\/span><\/p>\n<p><span class=\"no-hyphenation\">Des sp\u00e9cialistes de la recherche et du terrain vous pr\u00e9senteront des approches passionnantes et mettront en \u00e9vidence combien la r\u00e9alit\u00e9 du vieillissement, dans ses multiples facettes, remet en question les images courantes de la vieillesse. Plongez dans la diversit\u00e9 des r\u00e9alit\u00e9s de vie des personnes \u00e2g\u00e9es: de la fracture num\u00e9rique aux seniors LGBTQ+, de la pauvret\u00e9 aux conditions de fin de vie, de la migration \u00e0 l\u2019apprentissage tout au long de la vie.<\/span><\/p>\n<p>SAGES est partenaire de coop\u00e9ration du congr\u00e8s et nos membres b\u00e9n\u00e9ficient de conditions de participation pr\u00e9f\u00e9rentielles.<\/p>\n<p><a href=\"https:\/\/www.gerontologie.ch\/fr\/actualites\/manifestations\/detail\/colloque-2025\" target=\"_blank\" rel=\"noopener\">\u203a Site web de la conf\u00e9rence<\/a><\/p>\n<p><a href=\"https:\/\/www.sages.ch\/wp-content\/uploads\/2025\/03\/GCH_FT25_Programme_fr.pdf\" target=\"_blank\" rel=\"noopener\">\u203a Programme<\/a><\/p>\n<p>&nbsp;<\/p>\n","protected":false},"excerpt":{"rendered":"<p>Que deviennent nos aspirations et nos contextes de vie dans la vieillesse? Une chose est s\u00fbre: la diversit\u00e9 reste pr\u00e9sente avec l\u2019avanc\u00e9e en \u00e2ge. Comment prendre en consid\u00e9ration cette h\u00e9t\u00e9rog\u00e9n\u00e9it\u00e9 dans la pratique professionnelle quotidienne? Comment tenir compte des points  [&#8230;]<\/p>\n","protected":false},"author":1,"featured_media":0,"template":"","meta":{"_tribe_events_status":"","_tribe_events_status_reason":"","footnotes":""},"tags":[],"tribe_events_cat":[62,64],"class_list":["post-10043","tribe_events","type-tribe_events","status-publish","hentry","tribe_events_cat-allemand","tribe_events_cat-francais","cat_allemand","cat_francais"],"_links":{"self":[{"href":"https:\/\/www.sages.ch\/fr\/wp-json\/wp\/v2\/tribe_events\/10043","targetHints":{"allow":["GET"]}}],"collection":[{"href":"https:\/\/www.sages.ch\/fr\/wp-json\/wp\/v2\/tribe_events"}],"about":[{"href":"https:\/\/www.sages.ch\/fr\/wp-json\/wp\/v2\/types\/tribe_events"}],"author":[{"embeddable":true,"href":"https:\/\/www.sages.ch\/fr\/wp-json\/wp\/v2\/users\/1"}],"version-history":[{"count":2,"href":"https:\/\/www.sages.ch\/fr\/wp-json\/wp\/v2\/tribe_events\/10043\/revisions"}],"predecessor-version":[{"id":10049,"href":"https:\/\/www.sages.ch\/fr\/wp-json\/wp\/v2\/tribe_events\/10043\/revisions\/10049"}],"wp:attachment":[{"href":"https:\/\/www.sages.ch\/fr\/wp-json\/wp\/v2\/media?parent=10043"}],"wp:term":[{"taxonomy":"post_tag","embeddable":true,"href":"https:\/\/www.sages.ch\/fr\/wp-json\/wp\/v2\/tags?post=10043"},{"taxonomy":"tribe_events_cat","embeddable":true,"href":"https:\/\/www.sages.ch\/fr\/wp-json\/wp\/v2\/tribe_events_cat?post=10043"}],"curies":[{"name":"wp","href":"https:\/\/api.w.org\/{rel}","templated":true}]}}

6e Colloque national spécialisé GERONTOLOGIE CH «Réalités de la vieillesse – diversité, inégalités et similarités»

<p><span class="no-hyphenation">Que deviennent nos aspirations et nos contextes de vie dans la vieillesse? Une chose est sûre: la diversité reste présente avec l’avancée en âge. Comment prendre en considération cette hétérogénéité dans la pratique professionnelle quotidienne? Comment tenir compte des points communs? Comment lutter contre les inégalités? </span></p>
<p><span class="no-hyphenation">Des spécialistes de la recherche et du terrain vous présenteront des approches passionnantes et mettront en évidence combien la réalité du vieillissement, dans ses multiples facettes, remet en question les images courantes de la vieillesse. Plongez dans la diversité des réalités de vie des personnes âgées: de la fracture numérique aux seniors LGBTQ+, de la pauvreté aux conditions de fin de vie, de la migration à l’apprentissage tout au long de la vie.</span></p>
<p>SAGES est partenaire de coopération du congrès et nos membres bénéficient de conditions de participation préférentielles.</p>
<p><a href="https://www.gerontologie.ch/fr/actualites/manifestations/detail/colloque-2025" target="_blank" rel="noopener">› Site web de la conférence</a></p>
<p><a href="https://www.sages.ch/wp-content/uploads/2025/03/GCH_FT25_Programme_fr.pdf" target="_blank" rel="noopener">› Programme</a></p>
<p>&nbsp;</p>

<p>Que deviennent nos aspirations et nos contextes de vie dans la vieillesse? Une chose est sûre: la diversité reste présente avec l’avancée en âge. Comment prendre en considération cette hétérogénéité dans la pratique professionnelle quotidienne? Comment tenir compte des points  [&#8230;]</p>
