{"id":10243,"date":"2025-05-16T10:47:17","date_gmt":"2025-05-16T08:47:17","guid":{"rendered":"https:\/\/www.sages.ch\/agenda\/fachtagung-kipppunkte-erkennen-spiritualitaet-in-der-sozialen-arbeit-ressourcen-risiken-und-nebenwirkungen\/"},"modified":"2025-05-16T10:47:59","modified_gmt":"2025-05-16T08:47:59","slug":"fachtagung-kipppunkte-erkennen-spiritualitaet-in-der-sozialen-arbeit-ressourcen-risiken-und-nebenwirkungen","status":"publish","type":"tribe_events","link":"https:\/\/www.sages.ch\/fr\/agenda\/fachtagung-kipppunkte-erkennen-spiritualitaet-in-der-sozialen-arbeit-ressourcen-risiken-und-nebenwirkungen\/","title":{"rendered":"Fachtagung: \u201eKipppunkte erkennen\u201c Spiritualit\u00e4t in der Sozialen Arbeit &#8211; Ressourcen, Risiken und Nebenwirkungen"},"content":{"rendered":"<p>Der Fachtag beleuchtet das Thema \u201eSpiritualit\u00e4t\u201c im Spektrum von einer Ressource in der Lebensbew\u00e4ltigung (z.B. bei Erkrankung) bis hin zu Risiken in der Lebensgestaltung mit Auswirkungen auf Identit\u00e4t, sozio-\u00f6konomische Entscheidungen und das soziale Umfeld. Wie k\u00f6nnen Sozialarbeitende in professionellen Beziehungen mit diesem Thema umgehen? Welchen Einfluss hat eine spirituelle Praxis auf die Entscheidungsfindungen von Klient:innen in Unterst\u00fctzungskontexten?<\/p>\n<p>Der Fachtag richtet sich an Sozialarbeitende, Beratende und alle, die in diesen Bereichen t\u00e4tig sind oder Interesse an den behandelten Themen haben.<\/p>\n<p><a href=\"https:\/\/www.ash-berlin.eu\/hochschule\/fachbereiche\/fachbereich-i-soziale-arbeit\/veranstaltungen\/\" target=\"_blank\" rel=\"noopener\">\u203a Webseite<\/a><\/p>\n","protected":false},"excerpt":{"rendered":"<p>Der Fachtag beleuchtet das Thema \u201eSpiritualit\u00e4t\u201c im Spektrum von einer Ressource in der Lebensbew\u00e4ltigung (z.B. bei Erkrankung) bis hin zu Risiken in der Lebensgestaltung mit Auswirkungen auf Identit\u00e4t, sozio-\u00f6konomische Entscheidungen und das soziale Umfeld. Wie k\u00f6nnen Sozialarbeitende in professionellen Beziehungen  [&#8230;]<\/p>\n","protected":false},"author":1,"featured_media":0,"template":"","meta":{"_tribe_events_status":"","_tribe_events_status_reason":"","footnotes":""},"tags":[],"tribe_events_cat":[62],"class_list":["post-10243","tribe_events","type-tribe_events","status-publish","hentry","tribe_events_cat-allemand","cat_allemand"],"_links":{"self":[{"href":"https:\/\/www.sages.ch\/fr\/wp-json\/wp\/v2\/tribe_events\/10243","targetHints":{"allow":["GET"]}}],"collection":[{"href":"https:\/\/www.sages.ch\/fr\/wp-json\/wp\/v2\/tribe_events"}],"about":[{"href":"https:\/\/www.sages.ch\/fr\/wp-json\/wp\/v2\/types\/tribe_events"}],"author":[{"embeddable":true,"href":"https:\/\/www.sages.ch\/fr\/wp-json\/wp\/v2\/users\/1"}],"version-history":[{"count":1,"href":"https:\/\/www.sages.ch\/fr\/wp-json\/wp\/v2\/tribe_events\/10243\/revisions"}],"predecessor-version":[{"id":10244,"href":"https:\/\/www.sages.ch\/fr\/wp-json\/wp\/v2\/tribe_events\/10243\/revisions\/10244"}],"wp:attachment":[{"href":"https:\/\/www.sages.ch\/fr\/wp-json\/wp\/v2\/media?parent=10243"}],"wp:term":[{"taxonomy":"post_tag","embeddable":true,"href":"https:\/\/www.sages.ch\/fr\/wp-json\/wp\/v2\/tags?post=10243"},{"taxonomy":"tribe_events_cat","embeddable":true,"href":"https:\/\/www.sages.ch\/fr\/wp-json\/wp\/v2\/tribe_events_cat?post=10243"}],"curies":[{"name":"wp","href":"https:\/\/api.w.org\/{rel}","templated":true}]}}

Fachtagung: „Kipppunkte erkennen“ Spiritualität in der Sozialen Arbeit &#8211; Ressourcen, Risiken und Nebenwirkungen

<p>Der Fachtag beleuchtet das Thema „Spiritualität“ im Spektrum von einer Ressource in der Lebensbewältigung (z.B. bei Erkrankung) bis hin zu Risiken in der Lebensgestaltung mit Auswirkungen auf Identität, sozio-ökonomische Entscheidungen und das soziale Umfeld. Wie können Sozialarbeitende in professionellen Beziehungen mit diesem Thema umgehen? Welchen Einfluss hat eine spirituelle Praxis auf die Entscheidungsfindungen von Klient:innen in Unterstützungskontexten?</p>
<p>Der Fachtag richtet sich an Sozialarbeitende, Beratende und alle, die in diesen Bereichen tätig sind oder Interesse an den behandelten Themen haben.</p>
<p><a href="https://www.ash-berlin.eu/hochschule/fachbereiche/fachbereich-i-soziale-arbeit/veranstaltungen/" target="_blank" rel="noopener">› Webseite</a></p>

<p>Der Fachtag beleuchtet das Thema „Spiritualität“ im Spektrum von einer Ressource in der Lebensbewältigung (z.B. bei Erkrankung) bis hin zu Risiken in der Lebensgestaltung mit Auswirkungen auf Identität, sozio-ökonomische Entscheidungen und das soziale Umfeld. Wie können Sozialarbeitende in professionellen Beziehungen  [&#8230;]</p>
