{"id":10331,"date":"2025-05-23T08:58:11","date_gmt":"2025-05-23T06:58:11","guid":{"rendered":"https:\/\/www.sages.ch\/?post_type=tribe_events&#038;p=10331"},"modified":"2025-05-23T08:58:23","modified_gmt":"2025-05-23T06:58:23","slug":"ligue-neuchateloise-contre-le-cancer-conference-et-table-ronde-sur-la-relation-soignant-soigne-en-oncologie","status":"publish","type":"tribe_events","link":"https:\/\/www.sages.ch\/fr\/agenda\/ligue-neuchateloise-contre-le-cancer-conference-et-table-ronde-sur-la-relation-soignant-soigne-en-oncologie\/","title":{"rendered":"Ligue neuch\u00e2teloise contre le cancer : conf\u00e9rence et table ronde sur la relation soignant-soign\u00e9 en oncologie"},"content":{"rendered":"<p>Nous \u00e9changeons tous les jours. Toutefois, communiquer efficacement est une action complexe et au combien difficile quand elle intervient dans une situation de crise. L\u2019annonce d\u2019un diagnostic de cancer est un choc et c\u2019est \u00e0 ce moment-l\u00e0 que se posent les bonnes bases de la relation entre le soignant et le soign\u00e9. Si communiquer para\u00eet \u00eatre une comp\u00e9tence quasi instinctive, mener des entretiens avec le tact, la vigilance et la clart\u00e9 n\u00e9cessaires s\u2019apprend. Se comprendre n\u00e9cessite un investissement de chacun.e pour b\u00e2tir une relation de confiance.<br \/>\nQuelles sont les attentes des uns et des autres ? Comment b\u00e2tir une relation de confiance ? Avec quelles limites ou quelles contraintes ?<\/p>\n<p><a href=\"https:\/\/www.sages.ch\/wp-content\/uploads\/2025\/05\/Flyer_mp.pdf\" target=\"_blank\" rel=\"noopener\">\u203a Programme<\/a><\/p>\n<p><a href=\"https:\/\/neuchatel.liguecancer.ch\/\" target=\"_blank\" rel=\"noopener\">\u203a Site web<\/a><\/p>\n","protected":false},"excerpt":{"rendered":"<p>Nous \u00e9changeons tous les jours. Toutefois, communiquer efficacement est une action complexe et au combien difficile quand elle intervient dans une situation de crise. L\u2019annonce d\u2019un diagnostic de cancer est un choc et c\u2019est \u00e0 ce moment-l\u00e0 que se posent  [&#8230;]<\/p>\n","protected":false},"author":1,"featured_media":0,"template":"","meta":{"_tribe_events_status":"","_tribe_events_status_reason":"","footnotes":""},"tags":[],"tribe_events_cat":[64],"class_list":["post-10331","tribe_events","type-tribe_events","status-publish","hentry","tribe_events_cat-francais","cat_francais"],"_links":{"self":[{"href":"https:\/\/www.sages.ch\/fr\/wp-json\/wp\/v2\/tribe_events\/10331","targetHints":{"allow":["GET"]}}],"collection":[{"href":"https:\/\/www.sages.ch\/fr\/wp-json\/wp\/v2\/tribe_events"}],"about":[{"href":"https:\/\/www.sages.ch\/fr\/wp-json\/wp\/v2\/types\/tribe_events"}],"author":[{"embeddable":true,"href":"https:\/\/www.sages.ch\/fr\/wp-json\/wp\/v2\/users\/1"}],"version-history":[{"count":1,"href":"https:\/\/www.sages.ch\/fr\/wp-json\/wp\/v2\/tribe_events\/10331\/revisions"}],"predecessor-version":[{"id":10334,"href":"https:\/\/www.sages.ch\/fr\/wp-json\/wp\/v2\/tribe_events\/10331\/revisions\/10334"}],"wp:attachment":[{"href":"https:\/\/www.sages.ch\/fr\/wp-json\/wp\/v2\/media?parent=10331"}],"wp:term":[{"taxonomy":"post_tag","embeddable":true,"href":"https:\/\/www.sages.ch\/fr\/wp-json\/wp\/v2\/tags?post=10331"},{"taxonomy":"tribe_events_cat","embeddable":true,"href":"https:\/\/www.sages.ch\/fr\/wp-json\/wp\/v2\/tribe_events_cat?post=10331"}],"curies":[{"name":"wp","href":"https:\/\/api.w.org\/{rel}","templated":true}]}}

Ligue neuchâteloise contre le cancer : conférence et table ronde sur la relation soignant-soigné en oncologie

<p>Nous échangeons tous les jours. Toutefois, communiquer efficacement est une action complexe et au combien difficile quand elle intervient dans une situation de crise. L’annonce d’un diagnostic de cancer est un choc et c’est à ce moment-là que se posent les bonnes bases de la relation entre le soignant et le soigné. Si communiquer paraît être une compétence quasi instinctive, mener des entretiens avec le tact, la vigilance et la clarté nécessaires s’apprend. Se comprendre nécessite un investissement de chacun.e pour bâtir une relation de confiance.<br />
Quelles sont les attentes des uns et des autres ? Comment bâtir une relation de confiance ? Avec quelles limites ou quelles contraintes ?</p>
<p><a href="https://www.sages.ch/wp-content/uploads/2025/05/Flyer_mp.pdf" target="_blank" rel="noopener">› Programme</a></p>
<p><a href="https://neuchatel.liguecancer.ch/" target="_blank" rel="noopener">› Site web</a></p>

<p>Nous échangeons tous les jours. Toutefois, communiquer efficacement est une action complexe et au combien difficile quand elle intervient dans une situation de crise. L’annonce d’un diagnostic de cancer est un choc et c’est à ce moment-là que se posent  [&#8230;]</p>
