{"id":10701,"date":"2025-08-29T11:12:11","date_gmt":"2025-08-29T09:12:11","guid":{"rendered":"https:\/\/www.sages.ch\/?post_type=tribe_events&#038;p=10701"},"modified":"2025-08-29T11:12:11","modified_gmt":"2025-08-29T09:12:11","slug":"lebensuebergaenge-im-alter-kritische-ereignisse-erkennen-und-gestalten","status":"publish","type":"tribe_events","link":"https:\/\/www.sages.ch\/fr\/agenda\/lebensuebergaenge-im-alter-kritische-ereignisse-erkennen-und-gestalten\/","title":{"rendered":"Lebens\u00fcberg\u00e4nge im Alter \u2013 kritische Ereignisse  erkennen und gestalten"},"content":{"rendered":"<p>Das \u00c4lterwerden bringt grosse Ver\u00e4nderungen mit sich. \u00dcberg\u00e4nge wie der Eintritt in den Ruhestand, der Verlust nahestehender Menschen oder der Umgang mit Pflegebed\u00fcrftigkeit stellen nicht nur die Betroffenen vor grosse Herausforderungen, sondern fordern auch Angeh\u00f6rige und Fachpersonen in der Begleitung und Betreuung. Hinzu kommen erh\u00f6hte Risiken f\u00fcr psychische und physische Erkrankungen. Woran erkennen wir, dass ein \u00dcbergang zur Krise wird? Wann braucht es gezielte Unterst\u00fctzung oder eine therapeutische Intervention? Die Veranstaltung bietet praxisnahe Einblicke in Risikofaktoren, Schutzfaktoren und Unterst\u00fctzungsangebote bei kritischen Lebensereignissen im Alter. Sie l\u00e4dt dazu ein, sich diesem vielschichtigen Thema gemeinsam zu n\u00e4hern und schafft Raum f\u00fcr fachlichen Austausch.<\/p>\n<p><a href=\"https:\/\/www.sages.ch\/wp-content\/uploads\/2025\/08\/Lebensuebergaenge-im-Alter-kritische-Ereignisse-erkennen-und-gestalten.pdf\" target=\"_blank\" rel=\"noopener\">\u203a Flyer<\/a><\/p>\n","protected":false},"excerpt":{"rendered":"<p>Das \u00c4lterwerden bringt grosse Ver\u00e4nderungen mit sich. \u00dcberg\u00e4nge wie der Eintritt in den Ruhestand, der Verlust nahestehender Menschen oder der Umgang mit Pflegebed\u00fcrftigkeit stellen nicht nur die Betroffenen vor grosse Herausforderungen, sondern fordern auch Angeh\u00f6rige und Fachpersonen in der Begleitung  [&#8230;]<\/p>\n","protected":false},"author":1,"featured_media":0,"template":"","meta":{"_tribe_events_status":"","_tribe_events_status_reason":"","footnotes":""},"tags":[],"tribe_events_cat":[62],"class_list":["post-10701","tribe_events","type-tribe_events","status-publish","hentry","tribe_events_cat-allemand","cat_allemand"],"_links":{"self":[{"href":"https:\/\/www.sages.ch\/fr\/wp-json\/wp\/v2\/tribe_events\/10701","targetHints":{"allow":["GET"]}}],"collection":[{"href":"https:\/\/www.sages.ch\/fr\/wp-json\/wp\/v2\/tribe_events"}],"about":[{"href":"https:\/\/www.sages.ch\/fr\/wp-json\/wp\/v2\/types\/tribe_events"}],"author":[{"embeddable":true,"href":"https:\/\/www.sages.ch\/fr\/wp-json\/wp\/v2\/users\/1"}],"version-history":[{"count":1,"href":"https:\/\/www.sages.ch\/fr\/wp-json\/wp\/v2\/tribe_events\/10701\/revisions"}],"predecessor-version":[{"id":10702,"href":"https:\/\/www.sages.ch\/fr\/wp-json\/wp\/v2\/tribe_events\/10701\/revisions\/10702"}],"wp:attachment":[{"href":"https:\/\/www.sages.ch\/fr\/wp-json\/wp\/v2\/media?parent=10701"}],"wp:term":[{"taxonomy":"post_tag","embeddable":true,"href":"https:\/\/www.sages.ch\/fr\/wp-json\/wp\/v2\/tags?post=10701"},{"taxonomy":"tribe_events_cat","embeddable":true,"href":"https:\/\/www.sages.ch\/fr\/wp-json\/wp\/v2\/tribe_events_cat?post=10701"}],"curies":[{"name":"wp","href":"https:\/\/api.w.org\/{rel}","templated":true}]}}

Lebensübergänge im Alter – kritische Ereignisse  erkennen und gestalten

<p>Das Älterwerden bringt grosse Veränderungen mit sich. Übergänge wie der Eintritt in den Ruhestand, der Verlust nahestehender Menschen oder der Umgang mit Pflegebedürftigkeit stellen nicht nur die Betroffenen vor grosse Herausforderungen, sondern fordern auch Angehörige und Fachpersonen in der Begleitung und Betreuung. Hinzu kommen erhöhte Risiken für psychische und physische Erkrankungen. Woran erkennen wir, dass ein Übergang zur Krise wird? Wann braucht es gezielte Unterstützung oder eine therapeutische Intervention? Die Veranstaltung bietet praxisnahe Einblicke in Risikofaktoren, Schutzfaktoren und Unterstützungsangebote bei kritischen Lebensereignissen im Alter. Sie lädt dazu ein, sich diesem vielschichtigen Thema gemeinsam zu nähern und schafft Raum für fachlichen Austausch.</p>
<p><a href="https://www.sages.ch/wp-content/uploads/2025/08/Lebensuebergaenge-im-Alter-kritische-Ereignisse-erkennen-und-gestalten.pdf" target="_blank" rel="noopener">› Flyer</a></p>

<p>Das Älterwerden bringt grosse Veränderungen mit sich. Übergänge wie der Eintritt in den Ruhestand, der Verlust nahestehender Menschen oder der Umgang mit Pflegebedürftigkeit stellen nicht nur die Betroffenen vor grosse Herausforderungen, sondern fordern auch Angehörige und Fachpersonen in der Begleitung  [&#8230;]</p>
