{"id":10840,"date":"2025-10-10T15:48:55","date_gmt":"2025-10-10T13:48:55","guid":{"rendered":"https:\/\/www.sages.ch\/agenda\/zum-internationalen-tag-der-psychischen-gesundheit-verpixelte-gedanken-mentale-gesundheit-im-onlinekosmos\/"},"modified":"2025-10-10T16:30:29","modified_gmt":"2025-10-10T14:30:29","slug":"zum-internationalen-tag-der-psychischen-gesundheit-verpixelte-gedanken-mentale-gesundheit-im-onlinekosmos","status":"publish","type":"tribe_events","link":"https:\/\/www.sages.ch\/fr\/agenda\/zum-internationalen-tag-der-psychischen-gesundheit-verpixelte-gedanken-mentale-gesundheit-im-onlinekosmos\/","title":{"rendered":"Zum Internationalen Tag der Psychischen Gesundheit Verpixelte Gedanken? Mentale Gesundheit im Onlinekosmos"},"content":{"rendered":"<p>Digitalit\u00e4t und K\u00fcnstliche Intelligenz pr\u00e4gen unseren Alltag. Sie er\u00f6ffne neue Chancen, werfen aber auch Fragen auf. Welche digitalen Helfer k\u00f6nnen meine psychische Gesundheit st\u00e4rken? Was kann ich tun, wenn mich die digitalen Welten \u00fcberfordern? Und wie gehen wir verantwortungsvoll mit digitalen Medien um? In unserer Diskussionslounge geben Fachpersonen Impulse zu drei Themen und laden zum Austausch ein. Diskutieren Sie mit, stellen Sie Fragen oder h\u00f6ren Sie einfach zu. Vernetzen Sie sich am Marktplatz mit regionalen Angeboten aus dem Sozial- und Gesundheitswesen und probieren Sie digitale Helfer aus. Lassen Sie sich in der Kreativinsel inspirieren oder g\u00f6nnen Sie sich in der Offline Oase einen Achtsamkeits-Spaziergang.<\/p>\n<p><a href=\"https:\/\/www.sages.ch\/wp-content\/uploads\/2025\/10\/2025_Einladung_TagderpsychischenGesundheit.pdf\" target=\"_blank\" rel=\"noopener\">\u203a Flyer<\/a><\/p>\n","protected":false},"excerpt":{"rendered":"<p>Digitalit\u00e4t und K\u00fcnstliche Intelligenz pr\u00e4gen unseren Alltag. Sie er\u00f6ffne neue Chancen, werfen aber auch Fragen auf. Welche digitalen Helfer k\u00f6nnen meine psychische Gesundheit st\u00e4rken? Was kann ich tun, wenn mich die digitalen Welten \u00fcberfordern? Und wie gehen wir verantwortungsvoll mit  [&#8230;]<\/p>\n","protected":false},"author":1,"featured_media":0,"template":"","meta":{"_tribe_events_status":"","_tribe_events_status_reason":"","footnotes":""},"tags":[],"tribe_events_cat":[62],"class_list":["post-10840","tribe_events","type-tribe_events","status-publish","hentry","tribe_events_cat-allemand","cat_allemand"],"_links":{"self":[{"href":"https:\/\/www.sages.ch\/fr\/wp-json\/wp\/v2\/tribe_events\/10840","targetHints":{"allow":["GET"]}}],"collection":[{"href":"https:\/\/www.sages.ch\/fr\/wp-json\/wp\/v2\/tribe_events"}],"about":[{"href":"https:\/\/www.sages.ch\/fr\/wp-json\/wp\/v2\/types\/tribe_events"}],"author":[{"embeddable":true,"href":"https:\/\/www.sages.ch\/fr\/wp-json\/wp\/v2\/users\/1"}],"version-history":[{"count":1,"href":"https:\/\/www.sages.ch\/fr\/wp-json\/wp\/v2\/tribe_events\/10840\/revisions"}],"predecessor-version":[{"id":10841,"href":"https:\/\/www.sages.ch\/fr\/wp-json\/wp\/v2\/tribe_events\/10840\/revisions\/10841"}],"wp:attachment":[{"href":"https:\/\/www.sages.ch\/fr\/wp-json\/wp\/v2\/media?parent=10840"}],"wp:term":[{"taxonomy":"post_tag","embeddable":true,"href":"https:\/\/www.sages.ch\/fr\/wp-json\/wp\/v2\/tags?post=10840"},{"taxonomy":"tribe_events_cat","embeddable":true,"href":"https:\/\/www.sages.ch\/fr\/wp-json\/wp\/v2\/tribe_events_cat?post=10840"}],"curies":[{"name":"wp","href":"https:\/\/api.w.org\/{rel}","templated":true}]}}

<p>Digitalität und Künstliche Intelligenz prägen unseren Alltag. Sie eröffne neue Chancen, werfen aber auch Fragen auf. Welche digitalen Helfer können meine psychische Gesundheit stärken? Was kann ich tun, wenn mich die digitalen Welten überfordern? Und wie gehen wir verantwortungsvoll mit digitalen Medien um? In unserer Diskussionslounge geben Fachpersonen Impulse zu drei Themen und laden zum Austausch ein. Diskutieren Sie mit, stellen Sie Fragen oder hören Sie einfach zu. Vernetzen Sie sich am Marktplatz mit regionalen Angeboten aus dem Sozial- und Gesundheitswesen und probieren Sie digitale Helfer aus. Lassen Sie sich in der Kreativinsel inspirieren oder gönnen Sie sich in der Offline Oase einen Achtsamkeits-Spaziergang.</p>
<p><a href="https://www.sages.ch/wp-content/uploads/2025/10/2025_Einladung_TagderpsychischenGesundheit.pdf" target="_blank" rel="noopener">› Flyer</a></p>

<p>Digitalität und Künstliche Intelligenz prägen unseren Alltag. Sie eröffne neue Chancen, werfen aber auch Fragen auf. Welche digitalen Helfer können meine psychische Gesundheit stärken? Was kann ich tun, wenn mich die digitalen Welten überfordern? Und wie gehen wir verantwortungsvoll mit  [&#8230;]</p>
