{"id":11533,"date":"2026-03-13T09:31:42","date_gmt":"2026-03-13T08:31:42","guid":{"rendered":"https:\/\/www.sages.ch\/?post_type=tribe_events&#038;p=11533"},"modified":"2026-03-13T09:34:37","modified_gmt":"2026-03-13T08:34:37","slug":"evenement-spotlight-les-personnes-agees-a-table","status":"publish","type":"tribe_events","link":"https:\/\/www.sages.ch\/fr\/agenda\/evenement-spotlight-les-personnes-agees-a-table\/","title":{"rendered":"Ev\u00e9nement spotlight \u00abLes personnes \u00e2g\u00e9es \u00e0 table\u00bb &#8211; GERONTOLOGIE CH"},"content":{"rendered":"<p>GERONTOLOGIE CH vous invite \u00e0 son premier \u00e9v\u00e9nement Spotlight sur le th\u00e8me \u00abLes personnes \u00e2g\u00e9es \u00e0 table\u00bb. Manger est bien plus qu&rsquo;un simple apport nutritionnel: cela cr\u00e9e des liens entre les personnes, r\u00e9veille des souvenirs et contribue \u00e0 la qualit\u00e9 de vie. Mais comment nos habitudes alimentaires changent-elles avec l&rsquo;\u00e2ge? Quel r\u00f4le jouent le plaisir \u00e0 table et la participation sociale lorsque la sant\u00e9, l&rsquo;app\u00e9tit ou les conditions de vie changent? Des experts et expertes aborderont le sujet sous diff\u00e9rents angles.<\/p>\n<p>SAGES est partenaire de l\u2019\u00e9v\u00e9nement; nos membres b\u00e9n\u00e9ficient de conditions de participation pr\u00e9f\u00e9rentielles.<\/p>\n<p><a href=\"https:\/\/www.gerontologie.ch\/fr\/actualites\/manifestations\/detail\/evenement-spotlight-les-personnes-agees-a-table\" target=\"_blank\" rel=\"noopener\">\u203a Site web<\/a><\/p>\n","protected":false},"excerpt":{"rendered":"<p>GERONTOLOGIE CH vous invite \u00e0 son premier \u00e9v\u00e9nement Spotlight sur le th\u00e8me \u00abLes personnes \u00e2g\u00e9es \u00e0 table\u00bb. Manger est bien plus qu&rsquo;un simple apport nutritionnel: cela cr\u00e9e des liens entre les personnes, r\u00e9veille des souvenirs et contribue \u00e0 la qualit\u00e9  [&#8230;]<\/p>\n","protected":false},"author":1,"featured_media":0,"template":"","meta":{"_tribe_events_status":"","_tribe_events_status_reason":"","footnotes":""},"tags":[],"tribe_events_cat":[62,64],"class_list":["post-11533","tribe_events","type-tribe_events","status-publish","hentry","tribe_events_cat-allemand","tribe_events_cat-francais","cat_allemand","cat_francais"],"_links":{"self":[{"href":"https:\/\/www.sages.ch\/fr\/wp-json\/wp\/v2\/tribe_events\/11533","targetHints":{"allow":["GET"]}}],"collection":[{"href":"https:\/\/www.sages.ch\/fr\/wp-json\/wp\/v2\/tribe_events"}],"about":[{"href":"https:\/\/www.sages.ch\/fr\/wp-json\/wp\/v2\/types\/tribe_events"}],"author":[{"embeddable":true,"href":"https:\/\/www.sages.ch\/fr\/wp-json\/wp\/v2\/users\/1"}],"version-history":[{"count":3,"href":"https:\/\/www.sages.ch\/fr\/wp-json\/wp\/v2\/tribe_events\/11533\/revisions"}],"predecessor-version":[{"id":11536,"href":"https:\/\/www.sages.ch\/fr\/wp-json\/wp\/v2\/tribe_events\/11533\/revisions\/11536"}],"wp:attachment":[{"href":"https:\/\/www.sages.ch\/fr\/wp-json\/wp\/v2\/media?parent=11533"}],"wp:term":[{"taxonomy":"post_tag","embeddable":true,"href":"https:\/\/www.sages.ch\/fr\/wp-json\/wp\/v2\/tags?post=11533"},{"taxonomy":"tribe_events_cat","embeddable":true,"href":"https:\/\/www.sages.ch\/fr\/wp-json\/wp\/v2\/tribe_events_cat?post=11533"}],"curies":[{"name":"wp","href":"https:\/\/api.w.org\/{rel}","templated":true}]}}

Evénement spotlight «Les personnes âgées à table» &#8211; GERONTOLOGIE CH

<p>GERONTOLOGIE CH vous invite à son premier événement Spotlight sur le thème «Les personnes âgées à table». Manger est bien plus qu&rsquo;un simple apport nutritionnel: cela crée des liens entre les personnes, réveille des souvenirs et contribue à la qualité de vie. Mais comment nos habitudes alimentaires changent-elles avec l&rsquo;âge? Quel rôle jouent le plaisir à table et la participation sociale lorsque la santé, l&rsquo;appétit ou les conditions de vie changent? Des experts et expertes aborderont le sujet sous différents angles.</p>
<p>SAGES est partenaire de l’événement; nos membres bénéficient de conditions de participation préférentielles.</p>
<p><a href="https://www.gerontologie.ch/fr/actualites/manifestations/detail/evenement-spotlight-les-personnes-agees-a-table" target="_blank" rel="noopener">› Site web</a></p>

<p>GERONTOLOGIE CH vous invite à son premier événement Spotlight sur le thème «Les personnes âgées à table». Manger est bien plus qu&rsquo;un simple apport nutritionnel: cela crée des liens entre les personnes, réveille des souvenirs et contribue à la qualité  [&#8230;]</p>
