{"id":6775,"date":"2022-12-23T18:54:36","date_gmt":"2022-12-23T17:54:36","guid":{"rendered":"https:\/\/www.sages.ch\/?post_type=tribe_events&#038;p=6775"},"modified":"2025-08-22T09:37:40","modified_gmt":"2025-08-22T07:37:40","slug":"reunion-de-la-section-suisse-romande-de-sages-3","status":"publish","type":"tribe_events","link":"https:\/\/www.sages.ch\/fr\/agenda\/reunion-de-la-section-suisse-romande-de-sages-3\/","title":{"rendered":"R\u00e9union de la section Suisse romande de SAGES"},"content":{"rendered":"<p>La section Suisse romande se r\u00e9unit \u00e0 Fribourg. Vous \u00eates int\u00e9ress\u00e9(e) ? N\u2019h\u00e9sitez pas \u00e0 vous inscrire par e-mail aupr\u00e8s de info@sages.ch.<\/p>\n","protected":false},"excerpt":{"rendered":"<p>La section Suisse romande se r\u00e9unit \u00e0 Fribourg. Vous \u00eates int\u00e9ress\u00e9(e) ? N\u2019h\u00e9sitez pas \u00e0 vous inscrire par e-mail aupr\u00e8s de info@sages.ch.<\/p>\n","protected":false},"author":1,"featured_media":0,"template":"","meta":{"_tribe_events_status":"","_tribe_events_status_reason":"","footnotes":""},"tags":[],"tribe_events_cat":[64],"class_list":["post-6775","tribe_events","type-tribe_events","status-publish","hentry","tribe_events_cat-francais","cat_francais"],"_links":{"self":[{"href":"https:\/\/www.sages.ch\/fr\/wp-json\/wp\/v2\/tribe_events\/6775","targetHints":{"allow":["GET"]}}],"collection":[{"href":"https:\/\/www.sages.ch\/fr\/wp-json\/wp\/v2\/tribe_events"}],"about":[{"href":"https:\/\/www.sages.ch\/fr\/wp-json\/wp\/v2\/types\/tribe_events"}],"author":[{"embeddable":true,"href":"https:\/\/www.sages.ch\/fr\/wp-json\/wp\/v2\/users\/1"}],"version-history":[{"count":2,"href":"https:\/\/www.sages.ch\/fr\/wp-json\/wp\/v2\/tribe_events\/6775\/revisions"}],"predecessor-version":[{"id":10658,"href":"https:\/\/www.sages.ch\/fr\/wp-json\/wp\/v2\/tribe_events\/6775\/revisions\/10658"}],"wp:attachment":[{"href":"https:\/\/www.sages.ch\/fr\/wp-json\/wp\/v2\/media?parent=6775"}],"wp:term":[{"taxonomy":"post_tag","embeddable":true,"href":"https:\/\/www.sages.ch\/fr\/wp-json\/wp\/v2\/tags?post=6775"},{"taxonomy":"tribe_events_cat","embeddable":true,"href":"https:\/\/www.sages.ch\/fr\/wp-json\/wp\/v2\/tribe_events_cat?post=6775"}],"curies":[{"name":"wp","href":"https:\/\/api.w.org\/{rel}","templated":true}]}}

Réunion de la section Suisse romande de SAGES

<p>La section Suisse romande se réunit à Fribourg. Vous êtes intéressé(e) ? N’hésitez pas à vous inscrire par e-mail auprès de info@sages.ch.</p>
