{"id":7183,"date":"2023-02-24T09:15:36","date_gmt":"2023-02-24T08:15:36","guid":{"rendered":"https:\/\/www.sages.ch\/?post_type=tribe_events&#038;p=7183"},"modified":"2025-06-13T11:00:01","modified_gmt":"2025-06-13T09:00:01","slug":"reuinion-de-la-section-suisse-romande-de-sages","status":"publish","type":"tribe_events","link":"https:\/\/www.sages.ch\/fr\/agenda\/reuinion-de-la-section-suisse-romande-de-sages\/","title":{"rendered":"R\u00e9union de la section Suisse romande de SAGES"},"content":{"rendered":"<p>La section Suisse romande se r\u00e9unit en ligne. Vous \u00eates int\u00e9ress\u00e9(e) ? N\u2019h\u00e9sitez pas \u00e0 vous inscrire par e-mail aupr\u00e8s de info@sages.ch.<\/p>\n","protected":false},"excerpt":{"rendered":"<p>La section Suisse romande se r\u00e9unit en ligne. Vous \u00eates int\u00e9ress\u00e9(e) ? N\u2019h\u00e9sitez pas \u00e0 vous inscrire par e-mail aupr\u00e8s de info@sages.ch.<\/p>\n","protected":false},"author":1,"featured_media":0,"template":"","meta":{"_tribe_events_status":"","_tribe_events_status_reason":"","footnotes":""},"tags":[],"tribe_events_cat":[64],"class_list":["post-7183","tribe_events","type-tribe_events","status-publish","hentry","tribe_events_cat-francais","cat_francais"],"_links":{"self":[{"href":"https:\/\/www.sages.ch\/fr\/wp-json\/wp\/v2\/tribe_events\/7183","targetHints":{"allow":["GET"]}}],"collection":[{"href":"https:\/\/www.sages.ch\/fr\/wp-json\/wp\/v2\/tribe_events"}],"about":[{"href":"https:\/\/www.sages.ch\/fr\/wp-json\/wp\/v2\/types\/tribe_events"}],"author":[{"embeddable":true,"href":"https:\/\/www.sages.ch\/fr\/wp-json\/wp\/v2\/users\/1"}],"version-history":[{"count":4,"href":"https:\/\/www.sages.ch\/fr\/wp-json\/wp\/v2\/tribe_events\/7183\/revisions"}],"predecessor-version":[{"id":10429,"href":"https:\/\/www.sages.ch\/fr\/wp-json\/wp\/v2\/tribe_events\/7183\/revisions\/10429"}],"wp:attachment":[{"href":"https:\/\/www.sages.ch\/fr\/wp-json\/wp\/v2\/media?parent=7183"}],"wp:term":[{"taxonomy":"post_tag","embeddable":true,"href":"https:\/\/www.sages.ch\/fr\/wp-json\/wp\/v2\/tags?post=7183"},{"taxonomy":"tribe_events_cat","embeddable":true,"href":"https:\/\/www.sages.ch\/fr\/wp-json\/wp\/v2\/tribe_events_cat?post=7183"}],"curies":[{"name":"wp","href":"https:\/\/api.w.org\/{rel}","templated":true}]}}

Réunion de la section Suisse romande de SAGES

<p>La section Suisse romande se réunit en ligne. Vous êtes intéressé(e) ? N’hésitez pas à vous inscrire par e-mail auprès de info@sages.ch.</p>
