{"id":7190,"date":"2023-02-24T09:21:29","date_gmt":"2023-02-24T08:21:29","guid":{"rendered":"https:\/\/www.sages.ch\/agenda\/reunion-de-la-section-suisse-romande-de-sages-3-2\/"},"modified":"2024-12-06T13:26:50","modified_gmt":"2024-12-06T12:26:50","slug":"reunion-de-la-section-suisse-romande-de-sages-3-2","status":"publish","type":"tribe_events","link":"https:\/\/www.sages.ch\/fr\/agenda\/reunion-de-la-section-suisse-romande-de-sages-3-2\/","title":{"rendered":"R\u00e9union de la section Suisse romande de SAGES (en ligne et pr\u00e9sentiel \u00e0 Sion)"},"content":{"rendered":"<p>La section Suisse romande se r\u00e9unit \u00e0 Sion. Vous \u00eates int\u00e9ress\u00e9(e) ? N\u2019h\u00e9sitez pas \u00e0 vous inscrire par e-mail aupr\u00e8s de info@sages.ch.<\/p>\n","protected":false},"excerpt":{"rendered":"<p>La section Suisse romande se r\u00e9unit \u00e0 Sion. Vous \u00eates int\u00e9ress\u00e9(e) ? N\u2019h\u00e9sitez pas \u00e0 vous inscrire par e-mail aupr\u00e8s de info@sages.ch.<\/p>\n","protected":false},"author":1,"featured_media":0,"template":"","meta":{"_tribe_events_status":"","_tribe_events_status_reason":"","footnotes":""},"tags":[],"tribe_events_cat":[64],"class_list":["post-7190","tribe_events","type-tribe_events","status-publish","hentry","tribe_events_cat-francais","cat_francais"],"_links":{"self":[{"href":"https:\/\/www.sages.ch\/fr\/wp-json\/wp\/v2\/tribe_events\/7190","targetHints":{"allow":["GET"]}}],"collection":[{"href":"https:\/\/www.sages.ch\/fr\/wp-json\/wp\/v2\/tribe_events"}],"about":[{"href":"https:\/\/www.sages.ch\/fr\/wp-json\/wp\/v2\/types\/tribe_events"}],"author":[{"embeddable":true,"href":"https:\/\/www.sages.ch\/fr\/wp-json\/wp\/v2\/users\/1"}],"version-history":[{"count":8,"href":"https:\/\/www.sages.ch\/fr\/wp-json\/wp\/v2\/tribe_events\/7190\/revisions"}],"predecessor-version":[{"id":9597,"href":"https:\/\/www.sages.ch\/fr\/wp-json\/wp\/v2\/tribe_events\/7190\/revisions\/9597"}],"wp:attachment":[{"href":"https:\/\/www.sages.ch\/fr\/wp-json\/wp\/v2\/media?parent=7190"}],"wp:term":[{"taxonomy":"post_tag","embeddable":true,"href":"https:\/\/www.sages.ch\/fr\/wp-json\/wp\/v2\/tags?post=7190"},{"taxonomy":"tribe_events_cat","embeddable":true,"href":"https:\/\/www.sages.ch\/fr\/wp-json\/wp\/v2\/tribe_events_cat?post=7190"}],"curies":[{"name":"wp","href":"https:\/\/api.w.org\/{rel}","templated":true}]}}

Réunion de la section Suisse romande de SAGES (en ligne et présentiel à Sion)

<p>La section Suisse romande se réunit à Sion. Vous êtes intéressé(e) ? N’hésitez pas à vous inscrire par e-mail auprès de info@sages.ch.</p>
