{"id":7907,"date":"2023-09-01T14:33:21","date_gmt":"2023-09-01T12:33:21","guid":{"rendered":"https:\/\/www.sages.ch\/agenda\/1-nationaler-alterskongress-alter-erforschen-zukunft-gestalten-wissenschaft-und-fachwelt-im-dialog\/"},"modified":"2023-09-01T15:04:10","modified_gmt":"2023-09-01T13:04:10","slug":"1-nationaler-alterskongress-alter-erforschen-zukunft-gestalten-wissenschaft-und-fachwelt-im-dialog","status":"publish","type":"tribe_events","link":"https:\/\/www.sages.ch\/fr\/agenda\/1-nationaler-alterskongress-alter-erforschen-zukunft-gestalten-wissenschaft-und-fachwelt-im-dialog\/","title":{"rendered":"1er congr\u00e8s national Focus Vieillesse : \u00c9tudier la vieillesse pour b\u00e2tir l&rsquo;avenir &#8211; Dialogue entre la science et les professionnels"},"content":{"rendered":"<p>Profitez de cette occasion pour entretenir votre r\u00e9seau et rencontrer des personnalit\u00e9s du monde scientifique, politique et professionnel ainsi que des repr\u00e9sentants des autorit\u00e9s : le 1er congr\u00e8s national \u00ab Focus Vieillesse \u00bb aura lieu le jeudi 18 janvier 2024, \u00e0 partir de 8 heures, au Palais des Congr\u00e8s de Bienne. R\u00e9servez suffisamment t\u00f4t et profitez de l\u2019offre sp\u00e9ciale.<\/p>\n<p>Le congr\u00e8s fera l\u2019objet d\u2019une interpr\u00e9tation simultan\u00e9e (DE-FR, FR-DE) et sera anim\u00e9 par une mod\u00e9ratrice. L\u2019apr\u00e8s-midi, vous pouvez assister \u00e0 l\u2019\u00e9v\u00e9nement de votre choix.<\/p>\n<p><a href=\"https:\/\/alterskongress.prosenectute.ch\/neutral?variant=fr\" target=\"_blank\" rel=\"noopener\">\u203a Programme<\/a><\/p>\n<p>&nbsp;<\/p>\n<p>&nbsp;<\/p>\n","protected":false},"excerpt":{"rendered":"<p>Profitez de cette occasion pour entretenir votre r\u00e9seau et rencontrer des personnalit\u00e9s du monde scientifique, politique et professionnel ainsi que des repr\u00e9sentants des autorit\u00e9s : le 1er congr\u00e8s national \u00ab Focus Vieillesse \u00bb aura lieu le jeudi 18 janvier 2024,  [&#8230;]<\/p>\n","protected":false},"author":1,"featured_media":0,"template":"","meta":{"_tribe_events_status":"","_tribe_events_status_reason":"","footnotes":""},"tags":[],"tribe_events_cat":[62,64],"class_list":["post-7907","tribe_events","type-tribe_events","status-publish","hentry","tribe_events_cat-allemand","tribe_events_cat-francais","cat_allemand","cat_francais"],"_links":{"self":[{"href":"https:\/\/www.sages.ch\/fr\/wp-json\/wp\/v2\/tribe_events\/7907","targetHints":{"allow":["GET"]}}],"collection":[{"href":"https:\/\/www.sages.ch\/fr\/wp-json\/wp\/v2\/tribe_events"}],"about":[{"href":"https:\/\/www.sages.ch\/fr\/wp-json\/wp\/v2\/types\/tribe_events"}],"author":[{"embeddable":true,"href":"https:\/\/www.sages.ch\/fr\/wp-json\/wp\/v2\/users\/1"}],"version-history":[{"count":2,"href":"https:\/\/www.sages.ch\/fr\/wp-json\/wp\/v2\/tribe_events\/7907\/revisions"}],"predecessor-version":[{"id":7909,"href":"https:\/\/www.sages.ch\/fr\/wp-json\/wp\/v2\/tribe_events\/7907\/revisions\/7909"}],"wp:attachment":[{"href":"https:\/\/www.sages.ch\/fr\/wp-json\/wp\/v2\/media?parent=7907"}],"wp:term":[{"taxonomy":"post_tag","embeddable":true,"href":"https:\/\/www.sages.ch\/fr\/wp-json\/wp\/v2\/tags?post=7907"},{"taxonomy":"tribe_events_cat","embeddable":true,"href":"https:\/\/www.sages.ch\/fr\/wp-json\/wp\/v2\/tribe_events_cat?post=7907"}],"curies":[{"name":"wp","href":"https:\/\/api.w.org\/{rel}","templated":true}]}}

1er congrès national Focus Vieillesse : Étudier la vieillesse pour bâtir l&rsquo;avenir &#8211; Dialogue entre la science et les professionnels

<p>Profitez de cette occasion pour entretenir votre réseau et rencontrer des personnalités du monde scientifique, politique et professionnel ainsi que des représentants des autorités : le 1er congrès national « Focus Vieillesse » aura lieu le jeudi 18 janvier 2024, à partir de 8 heures, au Palais des Congrès de Bienne. Réservez suffisamment tôt et profitez de l’offre spéciale.</p>
<p>Le congrès fera l’objet d’une interprétation simultanée (DE-FR, FR-DE) et sera animé par une modératrice. L’après-midi, vous pouvez assister à l’événement de votre choix.</p>
<p><a href="https://alterskongress.prosenectute.ch/neutral?variant=fr" target="_blank" rel="noopener">› Programme</a></p>
<p>&nbsp;</p>
<p>&nbsp;</p>

<p>Profitez de cette occasion pour entretenir votre réseau et rencontrer des personnalités du monde scientifique, politique et professionnel ainsi que des représentants des autorités : le 1er congrès national « Focus Vieillesse » aura lieu le jeudi 18 janvier 2024,  [&#8230;]</p>
